 u(s) be the third derivative of r(s). Is u(-6) composite?
False
Suppose -p = -z - 4*p + 437, 4*z + p = 1770. Is z composite?
False
Suppose 3*n - 2*n - 2 = 0. Suppose 280 = -3*d - d + t, n*d = 3*t - 140. Let k = -21 - d. Is k a prime number?
False
Let w(c) = 6*c**2 - 8*c + 45. Is w(13) a prime number?
False
Let i = 1186 - 788. Is i a composite number?
True
Let b = 8 - -26. Is b a composite number?
True
Let r(b) = -2*b - 26. Let h be r(-6). Let k be ((-8)/(-10))/(1/(-10)). Let w = k - h. Is w prime?
False
Suppose -v - 4*h = -3*v + 18, -2*h = 2*v. Suppose 0 = -2*u + 2*d - d + 504, 5*d + 749 = v*u. Is u a composite number?
True
Suppose -3*x + 4*x - 331 = 0. Is x composite?
False
Suppose -4*y + 5 = -3. Suppose -y*m = -335 + 45. Is m composite?
True
Suppose 0 = -0*u - 3*u - 6. Is (3 - 276 - u)*-1 a prime number?
True
Suppose -3*z - 2*d + 67 = 0, z - 4*d - 75 = -4*z. Suppose -q + z = -66. Is q a prime number?
False
Suppose 6*v - 12 = 2*v. Is v prime?
True
Let y(b) = -b**2 - 7*b + 2. Let k be 0 - ((-36)/2)/(-3). Let l be y(k). Suppose -2*d + 118 = 4*p, 3*p = -p + l. Is d prime?
False
Let z be (-16)/(-6) + 1/3. Suppose 4*n - 68 = -k - 17, z*n + 2*k - 32 = 0. Is n a composite number?
True
Suppose -186 = -4*h - 70. Suppose p = h - 4. Is p composite?
True
Let u be (34 + 2)/3 - 2. Let w = u - 3. Is w composite?
False
Let f(w) = -w**3 - 7*w**2 + 2*w + 6. Let y be f(-7). Let u(x) = -3*x - 3. Is u(y) composite?
True
Suppose 12 = 3*l - 54. Is (l/(-8))/((-1)/8) a prime number?
False
Suppose -3*t - 1 + 10 = 0. Suppose -1 = 2*p + 1, -t*f + 440 = -5*p. Is f a composite number?
True
Let f = 9 + -4. Suppose 0 = 4*k + f*w - 347, -3*k - 5*w - 234 = -6*k. Is k prime?
True
Suppose -3*h = -15 + 666. Let v = -150 - h. Is v composite?
False
Let u be 7/4 - 4/(-16). Suppose 4*s - 42 = -u*h - 0*s, h = 2*s + 1. Is h a prime number?
True
Suppose -b - 6349 = -8*b. Is b a prime number?
True
Suppose -5*z + 3706 = 3*y, 3*z - 6*y - 2214 = -3*y. Suppose z = 2*d + 2*d. Is d prime?
False
Let p be ((-1)/(-3))/((-6)/(-36)). Suppose -p*i + 439 = 5*f, 4*f + 2*i - 347 = -i. Is f prime?
True
Let h(c) = c**2 + 4*c - 3. Let k be h(-4). Let l = k - 1. Is 153/5 - l/10 prime?
True
Let z(o) = 39*o + 10. Is z(19) composite?
False
Let s = 272 + -33. Is s a prime number?
True
Suppose 2*x - 168 - 150 = 2*q, -x + 171 = -4*q. Is x a composite number?
True
Let z = 44 + -25. Is z a prime number?
True
Let o(c) = -2*c - 1. Let f be o(1). Is 1/(-2*f/414) a composite number?
True
Suppose 122 = 4*h - 194. Is h a composite number?
False
Let j = 31 - 8. Is j prime?
True
Let f be ((-186)/(-4))/(33/220). Suppose 828 - f = 2*t. Is t a prime number?
False
Let j(k) be the second derivative of 41/3*k**3 + 0*k**2 + 0 - k. Is j(1) a composite number?
True
Let o = -3 + 3. Suppose 0*h - 3*h = 4*b - 205, 3*h + 2*b - 203 = o. Is h composite?
False
Let w be 8*(0 + 3 + 0). Suppose -3*a = -21 - w. Is a composite?
True
Suppose -5*f + 8513 + 6482 = 0. Is f a composite number?
False
Let q(h) = h**2 + 7*h - 13. Let p be q(-9). Suppose -297 = -p*w + 188. Is w composite?
False
Suppose -2*q + 716 = 42. Is q prime?
True
Let y(m) be the second derivative of m**4/12 + m**3/2 + m**2 - 4*m. Let t be y(-4). Suppose -t*j = -j - 655. Is j composite?
False
Let z(c) = -c**2 - 9*c - 5. Let g be z(-9). Let x = 7 + g. Is 8/4*149/x composite?
False
Suppose -478 + 13 = -3*m. Suppose -2*s = 5*c - m, -5*c - 2*s = -3*s - 155. Is c composite?
False
Let i(v) = 6*v + 6. Let k(d) = -d. Let z(x) = -i(x) - 4*k(x). Let t be z(-5). Suppose 0 = t*o - 2*o - 326. Is o composite?
False
Let a(o) = -2*o**3 + 4*o**2 - 7*o + 9. Let k(x) = -x**2 - x - 1. Let s(i) = a(i) + 4*k(i). Is s(-8) a composite number?
False
Let b(y) = 2*y**3 + 3*y**2 - 6*y - 2. Is b(5) composite?
False
Suppose -i = -4*p - 42, 3*i + 0*p = 4*p + 134. Suppose -x = x - i. Is x prime?
True
Let d(w) = -w. Let o be d(-4). Suppose -267 = -0*j - j + o*x, -1250 = -5*j + 3*x. Is j composite?
True
Let s(p) = p + 5. Let j be s(-5). Suppose 2*d + 2 = -j*d. Is (30/(-2) - -2)*d a composite number?
False
Let n = -2 - -5. Let h = 2 + -4. Is (-57)/2*h/n composite?
False
Is ((-4)/(-6))/(10/2355) a composite number?
False
Is 922 + 4 + 14/(-2) a prime number?
True
Let p(r) = -r + 2357. Is p(0) a prime number?
True
Is (-1506)/(-4) + 0 + 7/14 prime?
False
Let w(x) = -x**3 - 15*x**2 - 8*x - 2. Let i = 30 + -45. Is w(i) a composite number?
True
Suppose 0 = 2*a + a. Suppose a = 2*f - 0*f - 154. Is f a composite number?
True
Suppose -3*h = 2*a - 25, 3*a + 41 = 5*h + 12. Suppose 0 = -3*k + h*k - 836. Is k a composite number?
True
Let m = 3 + 9. Let a = 47 - m. Is a a composite number?
True
Is (6/5)/(14/385) a composite number?
True
Let z(u) = u**2 - 11*u + 11. Let b be z(16). Suppose -3*a - a + 3*q + b = 0, 2*a - 43 = q. Is a a composite number?
False
Let y(w) = -12*w**2 + 2*w - 2. Let v be y(2). Is (v/(-8))/(3/36) a prime number?
False
Suppose -4*t = -11715 - 7129. Is t composite?
True
Let a(v) be the second derivative of -v**7/2520 + v**6/40 - 13*v**5/120 + v**4/12 - 2*v. Let w(z) be the third derivative of a(z). Is w(10) a prime number?
True
Suppose 4*a + 569 = 3*g + 2*g, 0 = 2*g + 6. Is -3*28/24*a prime?
False
Let s(i) = i**2 + 2*i + 7. Is s(0) a composite number?
False
Is 58*7 + 18 + -13 a composite number?
True
Let w(m) = -m**3 - m**2 + 3. Suppose -4*v + 8*l = 3*l + 31, -v + 5*l - 19 = 0. Is w(v) composite?
True
Suppose 0 = -7*i + 12*i - 1335. Suppose 5*f + 2*q - 302 - i = 0, -f - q = -112. Is f a composite number?
True
Let t = -75 + 188. Is -1 + t + (0 - -1) a composite number?
False
Suppose 2*z - 5*z = 3. Let h be z + (-2)/((-4)/6). Is 20/(6/(6/h)) a prime number?
False
Let v be ((-1)/(-3))/(2/(-6)). Let f = 6 + v. Suppose 36 = d - 5*p - 37, -20 = f*p. Is d prime?
True
Suppose -502 = -2*j - 2*x, -j + 3*x = 2*x - 251. Is j a composite number?
False
Suppose -312 = -2*h + 2*k, -5*h = -0*k - k - 776. Let p = h + -28. Is p prime?
True
Suppose 0*l + 4*l - 2212 = 0. Is l a composite number?
True
Suppose 158 + 22 = -3*a. Let y = -17 - a. Is y prime?
True
Suppose -2*t - 256 - 714 = 0. Let w = t - -699. Is w composite?
True
Suppose 43 = o - 148. Is o a prime number?
True
Let h be 2/2*(8 + 0). Suppose -h + 4 = -2*x. Is x composite?
False
Suppose 2*z = -2*m + 62, 3*m + z = 62 + 41. Suppose -4*q - m = -3*q. Is (-8)/q - 374/(-18) prime?
False
Suppose -s = -4*w + 5*w - 21, 20 = -5*s. Suppose 0*j = j - w. Suppose -3*d = 2*r - 76 - j, 5*d - 54 = -r. Is r a composite number?
True
Suppose -2*l - 1647 = -5*u, u - 4*l - 90 - 225 = 0. Is u composite?
False
Let a(u) = 2*u - 1. Suppose h - 7 + 2 = 0. Let q be a(h). Let f = 38 + q. Is f a prime number?
True
Suppose 3*l - 14 = -2, 2*l = -s + 261. Is s composite?
True
Suppose -2*k + 1 = -k - 2*h, k - 5*h + 2 = 0. Let c(m) = -m**3 - m**2 - 4*m. Let j be c(-5). Suppose -k*n = 2*r - 2*n - j, 5*r - 293 = n. Is r composite?
False
Suppose -d + 32 = -0*d + 4*k, k + 139 = 5*d. Let j = d + 92. Let f = -67 + j. Is f composite?
False
Let f(k) = 11*k**3 - 5*k**2 - 4*k - 7. Is f(5) composite?
False
Let s(t) = -4*t - 3. Let x be s(-2). Suppose -x*j + 3693 = 4*b + 1287, -5*j + 2398 = 2*b. Is j/4 - (-1)/(-2) a prime number?
False
Let r(v) = -v**3 + 14*v**2 + 17*v - 21. Let m(s) = -2*s - 18. Let q be m(-16). Is r(q) prime?
False
Let t(j) = j**3 - 3*j**2 - 3*j - 4. Let v be t(4). Suppose v = 4*u - u + 402. Is (u/(-8))/((-5)/(-20)) a composite number?
False
Let w be 40 + 7 + (-6)/2. Suppose s = 4*s + p - w, -3*s + 14 = -5*p. Is s a composite number?
False
Let t(q) = q**3 - 7*q**2 + 8*q - 8. Let g be t(6). Suppose -5*f - g*n + 9 + 394 = 0, -4*f = -n - 314. Is f a prime number?
True
Suppose 0*q = q - 8. Suppose -2*g + 2*r = -34, -3*g + 2*r + 48 = -q. Is g prime?
False
Let g be (-9)/6*24/(-9). Suppose 0 = -3*h - g*w + 43, -2*w - 14 - 23 = -5*h. Is h prime?
False
Let i be 4/3*18/4. Let k be 40/i + 4/(-6). Let h = k - 4. Is h prime?
True
Suppose -23 = -3*c + 79. Is c a composite number?
True
Let g(i) = -i**2 + 2*i. Let n be g(-2). Let h = -13 - -27. Let l = h + n. Is l composite?
True
Let o(z) = -12*z**2 - 14*z - 17. Let m(f) = 4*f**2 + 5*f + 6. Let t(x) = 17*m(x) + 6*o(x). Let q be t(-1). Let b(s) = 2*s**2 + 6*s - 5. Is b(q) composite?
True
Let m(j) = j**2 + 3*j + 12. Let a be m(-9). Suppose 6*k - 4*k = a. I